) = 719872*w - 12237835. What is h(17)?
-11
Let h(y) = -27066*y - 81200. Calculate h(-3).
-2
Let q(p) = -p**3 - 1263*p**2 + 120326*p + 192. What is q(89)?
14
Let y(f) = 8*f**3 + 43*f**2 - 77*f + 15. Determine y(5).
1705
Let c(t) = 4*t**2 - 18694*t - 93571. Give c(-5).
-1
Let j(c) = 763*c + 3854. Calculate j(-5).
39
Let u(l) = -364*l**3 - 1092*l**2 - 3*l + 3. Determine u(-3).
12
Let x(r) = -r**3 - 118*r**2 + 2600*r - 662. Determine x(-137).
-251
Let m(g) = -g**3 - 7*g**2 + 26*g + 522. Give m(0).
522
Let n(v) = -166*v**2 + 1677*v + 3775. What is n(12)?
-5
Let b(q) = -3*q**3 + 61*q**2 + 126*q - 307. Calculate b(22).
45
Let i(y) = 30260*y + 212147. What is i(-7)?
327
Let r(b) = -b**3 - 231*b**2 - 317*b - 20127. Calculate r(-230).
-117
Let g(o) = o**3 + 171*o**2 + 1419*o - 346. Calculate g(-9).
5
Let m(h) = h**3 + 12*h**2 + 8*h + 29. Determine m(-12).
-67
Let r(x) = 109*x - 5687. Determine r(55).
308
Let o(l) = -5055*l + 146815. What is o(29)?
220
Let s(a) = 22*a**2 + 1703*a - 1014. Calculate s(-78).
0
Let h(m) = -2*m**3 + 933*m**2 - 12264*m + 14911. Calculate h(453).
-38
Let n(y) = 5*y**3 - 33*y**2 - 797*y + 81. What is n(-10)?
-249
Let l(x) = -481*x**2 + 1007*x - 91. What is l(2)?
-1
Let q(v) = 70*v**2 - 549*v - 722. Give q(9).
7
Let n(i) = -16*i**2 - 1130*i + 61. Calculate n(-71).
-365
Let y(l) = l**3 - 2045*l**2 + 1002036*l - 1630. What is y(814)?
-2
Let d(l) = -1354*l**2 - 560*l + 11. Determine d(-1).
-783
Let i(f) = -10*f**2 - 202*f - 988. Calculate i(-9).
20
Let x(t) = 20892*t + 167144. Calculate x(-8).
8
Let w(a) = a**2 + 373*a + 2962. Determine w(-10).
-668
Let p(t) = -1535*t**2 - 55262*t - 87. Give p(-36).
-15
Let v(s) = s**3 - 106*s**2 - 87*s - 2147. Determine v(107).
-7
Let w(k) = k**3 - 129*k**2 - 6*k + 592. Give w(129).
-182
Let l(r) = 5*r**3 - 4138*r**2 - 24997*r + 1. Give l(-6).
-65
Let q(r) = -2*r**2 + 181*r - 3954. Determine q(35).
-69
Let t(l) = 846*l**3 + l**2 + 3*l - 4. Give t(1).
846
Let t(y) = -2*y**2 + 4671*y - 138318. What is t(30)?
12
Let z(l) = l**2 - 915*l + 36663. Calculate z(42).
-3
Let w(h) = -1437*h - 7174. What is w(-5)?
11
Let n(g) = -g**2 - 1201*g - 24771. Give n(-21).
9
Let l(z) = z**2 - 1153*z + 223190. Give l(246).
68
Let b(u) = 9*u**3 - 4076*u**2 - 570*u + 52936. What is b(453)?
-65
Let a(l) = -4*l**2 - 5701*l - 641926. Give a(-1302).
-40
Let u(a) = a**3 - 80*a**2 + 3*a + 1. Calculate u(0).
1
Let x(m) = m**2 - 13877*m - 8475338. Determine x(-586).
-20
Let c(s) = -s**2 - 283*s + 27898. Calculate c(77).
178
Let t(p) = -3*p**2 + 50*p + 14. Calculate t(13).
157
Let z(h) = 24475*h + 48940. Give z(-2).
-10
Let b(v) = -v**2 + 19029*v + 323973. Determine b(-17).
191
Let c(y) = -y**3 - 24*y**2 - 1234*y - 29829. Determine c(-24).
-213
Let q(t) = -4*t**3 + 2208*t**2 - 3*t + 16. Calculate q(0).
16
Let z(u) = 216*u**2 + 1560*u + 326. What is z(-7)?
-10
Let l(w) = -6*w**2 - 7*w - 152. Calculate l(-14).
-1230
Let q(p) = 1258*p + 17507. Determine q(-14).
-105
Let x(g) = -10*g**3 - 229*g**2 + 592*g + 13092. Calculate x(-23).
5
Let k(u) = -4*u**2 + 2157*u + 8634. Determine k(-4).
-58
Let v(i) = -48*i**3 + 2*i**2 - 3*i - 60. Calculate v(-3).
1263
Let v(u) = 20653*u - 309787. Determine v(15).
8
Let g(h) = 2*h**3 + 28*h**2 + 151*h + 1747. Calculate g(-13).
122
Let m(d) = 934*d - 7707. Calculate m(8).
-235
Let j(d) = 186*d + 3200. Calculate j(-18).
-148
Let g(q) = -q**3 - 192*q**2 - 3868*q + 3216. Determine g(-169).
5
Let j(y) = -y**2 + 133*y + 1210. Give j(-8).
82
Let p(i) = 4*i**3 - 381*i**2 - 2864*i - 11. Calculate p(-7).
-4
Let x(n) = -n**3 + 49*n**2 + 448*n - 19951. Calculate x(50).
-51
Let w(g) = 2*g**2 + 94*g - 642. Determine w(-45).
-822
Let g(j) = 38*j - 2655. Determine g(-7).
-2921
Let b(k) = -62629*k + 5887123. What is b(94)?
-3
Let o(r) = -245*r**3 - 3187*r**2 - 15*r + 146. What is o(-13)?
3
Let c(r) = -461*r + 69981. What is c(152)?
-91
Let r(g) = -7566*g + 2557303. Determine r(338).
-5
Let j(s) = -5*s**2 + 1938*s - 10610. Determine j(382).
86
Let g(u) = -664*u**2 + 7367*u - 641. Calculate g(11).
52
Let c(j) = 5455*j + 714556. Calculate c(-131).
-49
Let g(z) = -28*z**3 + 398*z**2 + 802*z + 83. What is g(16)?
115
Let h(d) = -1863*d - 22392. What is h(-12)?
-36
Let b(h) = 27*h**3 + 38*h**2 + 146*h - 24. What is b(-3)?
-849
Let c(z) = z**3 + 22*z**2 + 84*z - 153. What is c(-9)?
144
Let p(u) = 5*u**2 + 3251*u + 292782. Give p(-108).
-6
Let g(s) = s**3 + 20*s**2 + 40. Determine g(-20).
40
Let d(z) = -6010*z - 54105. Give d(-9).
-15
Let o(i) = -3960*i + 823677. Give o(208).
-3
Let f(h) = 371*h**2 - 8530*h - 44. Determine f(23).
25
Let p(t) = 2*t**3 - 20*t**2 + 92*t + 10. Give p(0).
10
Let q(u) = -1923*u - 6524. Determine q(-3).
-755
Let f(q) = -q**3 - 16*q**2 + 226*q + 2619. Give f(-20).
-301
Let z(t) = -t**3 - 8*t**2 + 10750*t + 32335. Give z(-3).
40
Let u(g) = -613*g**2 - 18365*g + 827. Give u(-30).
77
Let l(h) = -18914*h + 94563. Determine l(5).
-7
Let l(w) = -5626*w + 7444. Calculate l(2).
-3808
Let z(n) = 7*n**2 - 21*n - 66. Calculate z(5).
4
Let y(o) = 10413*o + 30903. Calculate y(-3).
-336
Let g(h) = 6559*h - 734688. Give g(112).
-80
Let c(k) = -2086*k + 22946. What is c(13)?
-4172
Let r(g) = -g**3 - 33*g**2 + 190*g + 151. Give r(6).
-113
Let p(c) = -171*c - 16446. Determine p(-92).
-714
Let n(f) = -4341*f - 1180960. Calculate n(-272).
-208
Let z(k) = -k**3 - 67*k**2 + 472*k + 2435. What is z(-73)?
-47
Let s(m) = 653*m + 2936. Give s(-5).
-329
Let m(y) = 1055*y - 46121. Determine m(42).
-1811
Let j(t) = -393*t + 23390. Determine j(58).
596
Let n(t) = -10*t**2 - 1580*t - 2470. Determine n(-155).
2180
Let d(a) = -7*a + 512. Calculate d(30).
302
Let s(p) = 14*p**3 - 26*p**2 + 950*p - 1909. Determine s(2).
-1
Let i(n) = -n**3 - 34*n**2 + 447*n + 11828. Determine i(-37).
-604
Let r(f) = 38*f - 6455. Determine r(159).
-413
Let s(u) = 3*u**2 - 134*u + 1. Calculate s(26).
-1455
Let d(b) = 105268*b + 2315885. Give d(-22).
-11
Let z(l) = 9205*l + 193311. Give z(-21).
6
Let q(v) = -2*v**2 + 8914*v - 327130. Calculate q(37).
-50
Let x(n) = 70*n**2 - 17*n - 30. Give x(-2).
284
Let u(b) = -b**2 - 11716*b - 4099162. Determine u(-361).
-7
Let r(q) = -13564*q - 28330. Determine r(-2).
-1202
Let b(t) = t**2 + 265*t - 2602. Determine b(10).
148
Let d(s) = 878077*s + 5268460. Give d(-6).
-2
Let s(y) = -1264*y - 189836. What is s(-150)?
-236
Let x(y) = 3*y**2 + 167*y - 10416. Determine x(-93).
0
Let r(i) = -i**2 + 29*i + 26265. Determine r(-151).
-915
Let g(b) = 85*b**2 - 3481*b - 147. Calculate g(41).
17
Let o(i) = 503*i - 4571. Calculate o(9).
-44
Let t(d) = d**3 - 158*d**2 + 5746*d - 140. Calculate t(58).
-3272
Let r(k) = -6929*k + 1157328. Determine r(167).
185
Let w(a) = -2*a**3 + 5*a**2 + 188*a - 396. Calculate w(13).
-1501
Let g(q) = -3516*q + 45674. What is g(13)?
-34
Let n(j) = 132000*j - 3827948. Give n(29).
52
Let t(l) = -1165*l + 13857. Calculate t(12).
-123
Let d(l) = -15032*l - 150163. Determine d(-10).
157
Let s(l) = 3*l**3 - 6*l**2 + 95*l + 806. Give s(-8).
-1874
Let v(o) = -o**3 - 267*o**2 - 600*o - 18810. Determine v(-265).
-260
Let b(c) = -2*c**3 + 12*c**2 + 92*c - 315. Determine b(-6).
-3
Let u(f) = -33226*f - 33077. Calculate u(-1).
149
Let m(z) = -4*z**2 + 699*z - 17257. Determine m(145).
-2
Let w(j) = -200*j**2 + 406*j + 1812. Calculate w(-5).
-5218
Let q(f) = -211*f + 1726. Give q(7).
249
Let f(i) = -i**2 + 60*i - 900. Calculate f(74).
-1936
Let h(t) = -381*t - 14614. Calculate h(-38).
-136
Let n(c) = c**3 + 889*c + 3582. What is n(-4)?
-38
Let w(p) = -p**3 + 25*p**2 - 187*p + 13. Determine w(8).
-395
Let x(v) = -17*v**3 - 147*v**2 - 101*v + 16. Determine x(-8).
120
Let s(l) = 14545*l + 1396291. Calculate s(-96).
-29
Let r(d) = -15028*d - 225405. Calculate r(-15).
15
Let y(s) = -1009671*s - 25241766. Calculate y(-25).
9
Let g(h) = -h**2 + 80*h + 2711. Calculate g(91).
1710
Let r(b) = -b**3 + 1348*b**2 + 4050*b - 12. Give r(-3).
-3
Let d(r) = -808*r**2 - 2969*r + 13. Give d(-4).
-1039
Let i(x) = 294*x - 2408. Determine i(10).
532
Let l(p) = 100*p**3 + 2600*p**2 + 2243*p + 58325. Determine l(-26).
7
Let b(v) = 50*v - 6976. Calculate b(143).
174
Let r(a) = a**3 + 95*a**2 + 32*a + 2964. Determine r(-95).
-76
Let p(u) = 342*u - 7404. Calculate p(21).
-222
Let l(r) = 2544*r + 55554. What is l(-22)?
-414
Let q(l) = l